7371809?
3, 25790603
List the prime factors of 245692659.
3, 191, 521, 823
What are the prime factors of 31143175?
5, 7, 25423
List the prime factors of 67381479.
3, 11, 823, 827
What are the prime factors of 151195904?
2, 590609
List the prime factors of 74579899.
83, 898553
List the prime factors of 112399918.
2, 4217, 13327
List the prime factors of 1372223258.
2, 7, 857, 114371
What are the prime factors of 1084114882?
2, 19, 43, 241, 2753
List the prime factors of 3219084391.
1823, 1765817
What are the prime factors of 7438715?
5, 1487743
List the prime factors of 4392697423.
4392697423
What are the prime factors of 938041759?
17, 617, 89431
List the prime factors of 1426903898.
2, 7, 31, 71, 46307
What are the prime factors of 35537748?
2, 3, 2961479
What are the prime factors of 71728696?
2, 13, 689699
List the prime factors of 502436114.
2, 19, 499, 26497
What are the prime factors of 24956608?
2, 389947
List the prime factors of 91687464.
2, 3, 11, 19, 677
What are the prime factors of 32218363?
32218363
List the prime factors of 334992824.
2, 41874103
What are the prime factors of 77460848?
2, 4841303
List the prime factors of 9040716746.
2, 4520358373
List the prime factors of 885355673.
19, 46597667
List the prime factors of 344738221.
344738221
List the prime factors of 5369818171.
19, 31, 103, 88513
What are the prime factors of 32046038?
2, 23, 696653
What are the prime factors of 381104247?
3, 47, 997, 2711
List the prime factors of 1374443547.
3, 163, 1229, 2287
List the prime factors of 435005713.
29, 3221, 4657
What are the prime factors of 3562135245?
3, 5, 26386187
What are the prime factors of 4883159034?
2, 3, 13, 43, 53923
What are the prime factors of 39023609?
39023609
What are the prime factors of 85363635?
3, 5, 7, 116141
What are the prime factors of 2977669683?
3, 19, 37, 283, 1663
List the prime factors of 21996151.
21996151
List the prime factors of 2318189279.
7, 331169897
List the prime factors of 241327683.
3, 19, 89, 101, 157
What are the prime factors of 180315040?
2, 5, 29, 38861
What are the prime factors of 2110196572?
2, 11, 1471, 32603
What are the prime factors of 759144317?
43, 967, 18257
List the prime factors of 292956861.
3, 37, 2639251
List the prime factors of 34929671.
7, 4989953
What are the prime factors of 969799347?
3, 11, 23, 425911
List the prime factors of 31266294.
2, 3, 131, 39779
What are the prime factors of 3570759556?
2, 7, 13, 383, 3659
What are the prime factors of 36664981?
36664981
What are the prime factors of 1613163262?
2, 197, 4094323
What are the prime factors of 294614721?
3, 4283, 7643
What are the prime factors of 17300822?
2, 7, 11, 1459
List the prime factors of 66167481.
3, 19, 23, 41, 1231
What are the prime factors of 697430994?
2, 3, 13, 31, 288433
What are the prime factors of 267767141?
267767141
List the prime factors of 453651604.
2, 7, 809, 2861
What are the prime factors of 29141983?
13, 2241691
What are the prime factors of 247254166?
2, 607, 203669
What are the prime factors of 471531615?
3, 5, 31435441
What are the prime factors of 10517199?
3, 7, 11, 4139
What are the prime factors of 22983828?
2, 3, 7, 273617
List the prime factors of 1673712520.
2, 5, 41842813
What are the prime factors of 342065290?
2, 5, 7, 4886647
List the prime factors of 3404890660.
2, 5, 53, 317, 10133
What are the prime factors of 39547506?
2, 3, 31, 89, 2389
List the prime factors of 12625417.
7, 41, 43991
List the prime factors of 6887021314.
2, 19, 181237403
List the prime factors of 522918903.
3, 13, 2221, 6037
List the prime factors of 725332994.
2, 362666497
What are the prime factors of 430324363?
7, 1231, 49939
What are the prime factors of 615096677?
13, 4153, 11393
What are the prime factors of 58313421?
3, 6479269
What are the prime factors of 1598384805?
3, 5, 463, 230149
What are the prime factors of 1617947601?
3, 541, 996887
List the prime factors of 459571566.
2, 3, 281, 272581
List the prime factors of 51541999.
37, 1393027
What are the prime factors of 106696309?
41, 2602349
What are the prime factors of 1600310219?
29, 55183111
What are the prime factors of 6007615674?
2, 3, 31, 32299009
List the prime factors of 891566088.
2, 3, 7, 17, 131, 2383
What are the prime factors of 780504923?
11, 59, 1202627
What are the prime factors of 19011911?
113, 168247
What are the prime factors of 4403557054?
2, 13, 109, 383, 4057
List the prime factors of 1475781445.
5, 37, 7977197
List the prime factors of 2281221848.
2, 285152731
List the prime factors of 36184194.
2, 3, 17, 118249
List the prime factors of 1872950271.
3, 624316757
List the prime factors of 61347662.
2, 17, 1109, 1627
What are the prime factors of 134252677?
13, 10327129
What are the prime factors of 34865035?
5, 6973007
List the prime factors of 259719847.
79, 3287593
List the prime factors of 85061246.
2, 42530623
List the prime factors of 1964409017.
4561, 430697
What are the prime factors of 173902027?
13, 17, 786887
What are the prime factors of 119102927?
61, 859, 2273
What are the prime factors of 549222160?
2, 5, 6865277
List the prime factors of 2772445300.
2, 5, 23, 1205411
What are the prime factors of 153686667?
3, 23, 113, 857
What are the prime factors of 34070554?
2, 7, 823, 2957
List the prime factors of 94378582.
2, 47189291
What are the prime factors of 116667952?
2, 1471, 4957
List the prime factors of 4467257627.
7, 881, 103483
What are the prime factors of 82395745?
5, 16479149
What are the prime factors of 216422954?
2, 11, 17, 73, 7927
What are the prime factors of 1909573931?
73, 26158547
What are the prime factors of 28870748?
2, 7217687
List the prime factors of 24620165.
5, 17, 107, 2707
List the prime factors of 12755157.
3, 29, 271, 541
List the prime factors of 47261675.
5, 1890467
What are the prime factors of 698131389?
3, 232710463
What are the prime factors of 889817592?
2, 3, 179, 207127
List the prime factors of 26067263.
1091, 23893
What are the prime factors of 890171923?
890171923
What are the prime factors of 381234731?
381234731
What are the prime factors of 751410149?
7, 17, 902053
List the prime factors of 206018634.
2, 3, 19, 163, 11087
What are the prime factors of 799684803?
3, 43, 463, 4463
List the prime factors of 1130398107.
3, 211, 1785779
What are the prime factors of 61480029?
3, 13, 19, 29, 2861
List the prime factors of 7206454487.
78929, 91303
List the prime factors of 185144398.
2, 19, 113, 43117
List the prime factors of 168573077.
168573077
List the prime factors of 48654857.
2539, 19163
List the prime factors of 136895712.
2, 3, 61, 97, 241
What are the prime factors of 2858545481?
11, 83, 149, 21013
List the prime factors of 446441675.
5, 17, 1050451
List the prime factors of 3036210078.
2, 3, 11, 1783, 25801
List the prime factors of 57353455.
5, 11470691
List the prime factors of 309052682.
2, 154526341
What are the prime factors of 869705301?
3, 289901767
List the prime factors of 834371864.
2, 59, 1767737
List the prime factors of 2464906509.
3, 13, 21067577
What are the prime factors of 2299370937?
3, 19, 29, 1391029
What are the prime factors of 27062097?
3, 9020699
What are the prime factors of 909101271?
3, 13, 751, 31039
What are the prime factors of 44731857?
3, 499, 29881
What are the prime factors of 1234150149?
3, 19, 1193, 18149
What are the prime factors of 332365745?
5, 66473149
List the prime factors of 11574904.
2, 11, 31, 4243
What are the prime factors of 3198034267?
19, 168317593
What are the prime factors of 407631260?
2, 5, 83, 245561
What are the prime factors of 29781059?
7, 11, 17, 22751
List the prime factors of 3426684919.
7, 7883, 62099
What are the prime factors of 1887570853?
7, 2011, 134089
List the prime factors of 79675818.
2, 3, 23, 29, 43, 463
List the prime factors of 2403150300.
2, 3, 5, 2670167
List the prime factors of 3562674394.
2, 17, 97, 389, 2777
What are the prime factors of 237137255?
5, 37, 1281823
List the prime factors of 55160256.
2, 3, 23, 12491
What are the prime factors of 176866732?
2, 7, 6316669
What are the prime factors of 34425379?
59, 583481
What are the prime factors of 2299755849?
3, 18517, 41399
What are the prime factors of 288685465?
5, 107, 241, 2239
List the prime factors of